nder when 1263 is divided by o.
113
Let i = 18228 + -14040. Calculate the remainder when 12567 is divided by i.
3
Let r = -11380 - -11427. What is the remainder when 522 is divided by r?
5
Let r(i) = -5*i - 7. Let t be r(-3). Let h(c) = -28 + 2*c + t*c + 0*c + c**2. Calculate the remainder when 52 is divided by h(-13).
8
Suppose 10*h = -4*h + 168. Suppose -b - 2*b = 0. Calculate the remainder when (b + -20)/(4/(-6)) is divided by h.
6
Let n = 2476 - 2166. Calculate the remainder when 1061 is divided by n.
131
Let x = -56 - -96. Suppose 0 = -6*t + t - 2*m + 43, 4*t - x = 4*m. What is the remainder when (2 + 11/(-3))/(10/(-90)) is divided by t?
6
Suppose -815 = m + 3*v - 824, 5*m - 197 = 4*v. What is the remainder when 261 is divided by m?
30
Suppose 7*h + h = 264. Let c be h/2*((-160)/(-3))/(-10). Let u = -73 - c. What is the remainder when 28 is divided by u?
13
Let x(f) be the second derivative of 25*f**3/6 - 7*f**2 - 87*f. What is the remainder when 59 is divided by x(2)?
23
Let i be 4/40*5 - 61/2. Let y be 12/i + 7/((-105)/954). Calculate the remainder when -2 - -6 - (y + -1 + 1) is divided by 14.
12
Let s = -407 - -189. Let d = -163 - s. Calculate the remainder when d is divided by 30.
25
Let c(l) = l**3 - 20*l**2 + 22*l - 24. Suppose -4*w - 6 = 6, -w = -3*p + 264. Let g = p + -80. Calculate the remainder when c(19) is divided by g.
5
Let d = -72 + 212. Calculate the remainder when (-5)/(d/(-7189)) + 1/4 is divided by 65.
62
Let d = 46 + -40. Let o(r) = r**3 + 8*r**2 + r + 91. Calculate the remainder when d is divided by o(-9).
0
Let d be 34/(-8) + 11/44. Calculate the remainder when (-6012)/(-76) - ((-32)/76)/(-4) is divided by 1332/48 + 3/d.
25
Suppose -149*g + 91*g + 1862 = -6780. What is the remainder when 755 is divided by g?
10
Let m = 200 + -129. Calculate the remainder when ((-278)/(-8))/((-5)/60*-3) is divided by m.
68
Let t = 245 - 239. What is the remainder when 179 is divided by ((-49)/(-21))/(1/t)?
11
Suppose 2500 = 3*r + 3*x + 103, 4019 = 5*r - 3*x. Suppose 17*d + 71 - r = 0. What is the remainder when -10*((-69)/5 + 1) is divided by d?
42
Calculate the remainder when ((-13616)/460)/((-12)/630) is divided by 515.
9
What is the remainder when 16 + 578 + (-7 - 13) is divided by 187?
13
Let j = -969 + 1034. What is the remainder when 163 is divided by j?
33
Let x(b) = -b**2 - 29*b + 173. Let v be x(-34). Suppose -2*o - 8 = 0, v*o - 3 = -2*t + 15. What is the remainder when t is divided by 10?
5
Let x(m) = -38 + 0*m**2 - 7*m + 29 + 13*m**2. What is the remainder when x(5) is divided by 94?
93
Let y(g) = g**3 - 8*g**2 - 8*g. Let h be y(9). Let b(j) = 27*j - h*j + 4 - 11*j + 2*j**2. Calculate the remainder when 98 is divided by b(-6).
30
Suppose 0 = -80*q + 144951 + 51529. What is the remainder when q is divided by 91?
90
Let c(l) = -5*l + 115. Let t be c(17). Let i = 51 - t. Suppose 80 = 5*a - 2*g - 226, -5*a - 4*g + 288 = 0. What is the remainder when a is divided by i?
18
Let b(s) = -s + 7. Let t be b(14). Let j(z) = -z**2 - 10*z - 14. Let y be j(t). Calculate the remainder when 345/y + 8/(-28) is divided by 26.
23
Suppose 7 = -0*u + u. Calculate the remainder when 20 + (-1210)/60 + 1394/12 is divided by u.
4
Let x(k) = 6*k**2 - 3*k + 3. Let j be x(3). Suppose -4*u - 3*m = -j - 96, 5*m = -3*u + 119. What is the remainder when u is divided by (-194)/(-22) + 22/121?
6
Suppose -2216 = -40*j + 2224. What is the remainder when 149 is divided by j?
38
Suppose -19*d = -16*d + 6, -4*m + 770 = 5*d. What is the remainder when m is divided by 42?
27
Suppose 26*m + 228 = -12*m. What is the remainder when (m*(-210)/225)/(2/45) is divided by 16?
14
Let g(w) = w**3 + 15*w**2 - 20*w - 19. Let o(u) = -u**2 + 10*u - 14. Let p be o(5). Suppose -p = t - 34. Calculate the remainder when g(-16) is divided by t.
22
Suppose -277 = -4*d + 5*l, -5*l + 267 = -6*d + 10*d. Let r = -48 + 112. Let n = r - 41. Calculate the remainder when d is divided by n.
22
Suppose 0 = 2*b + b - 57. Suppose 20*u + 235 = -25. Let m = b + u. What is the remainder when 34 is divided by m?
4
Let o = 5668 + -5354. Calculate the remainder when 335 is divided by o.
21
Let q(d) = d**3 + 104*d**2 + 203*d - 85. Calculate the remainder when 1401 is divided by q(-102).
7
Suppose 0 = 2*f + 49 - 163. Suppose -3*u + 129 + f = 0. Let j = u - 46. Calculate the remainder when 125 is divided by j.
13
Suppose 0*j = j - 1623 + 1552. What is the remainder when 87 is divided by j?
16
Let r = -3389 + 3410. What is the remainder when 37 is divided by r?
16
Suppose 5*t + 805 = -4*i, 0 = -t + 3*t + 2*i + 320. Let k = 176 + t. What is the remainder when 43 is divided by k?
10
Suppose -4*o + 5*h = -205 + 6, 0 = 5*o + 3*h - 221. Suppose 3*x + 4*n - o = -2*x, -n - 11 = -x. What is the remainder when 17 is divided by x?
7
Suppose 3*f - 366*k - 86735 = -364*k, 5*k + 115663 = 4*f. What is the remainder when f is divided by 98?
95
Let t(p) = 4*p**2 - 46*p - 136. Let o = 112 + -115. Let c(a) = 3*a - 5. What is the remainder when t(o) is divided by c(5)?
8
Let i(q) = q**2 - 8*q - 17. Let l(d) = -2*d**2 + 16*d - 5. Let x be l(8). Let a be i(x). Let o = a + -40. What is the remainder when o is divided by 4?
0
Let u = 120 + -119. What is the remainder when 174 is divided by (-175)/14*(-2 + u + -1)?
24
Let g(f) = 301*f - 1202. What is the remainder when 179 is divided by g(4)?
1
Let d(n) = 6*n**2 - 2*n. Let g be d(1). Suppose g*t - 772 = -84. What is the remainder when t is divided by 44?
40
Let z(s) = 358*s + 2160. Calculate the remainder when 16462 is divided by z(-6).
10
Let u = -4060 + 2020. What is the remainder when 61 is divided by -2*(u/16)/15?
10
Suppose 1387 = 5*y - 5*o - 808, 2231 = 5*y + o. What is the remainder when y is divided by 75?
70
Let w = 153 + -151. Suppose -s = -2, -3*s + 96 = 2*l + w*s. Calculate the remainder when l is divided by 3/((-6)/4) + 18.
11
Let t = -840 - -583. Let s = t - -284. Calculate the remainder when s is divided by 17.
10
Let v = 3 - -15. Suppose -v = 4*i - 6. What is the remainder when 105 is divided by (-2)/i + 34/3?
9
Let a(h) = -h**3 + 25*h**2 - 127*h + 19. Suppose -3*p - 133 = -j, 0*p - p = 2*j - 287. What is the remainder when j is divided by a(7)?
10
Suppose -4*d + 24 + 92 = 0. Let m = 53 - d. Calculate the remainder when 70 is divided by m.
22
Let c = 19 + 30. Let q = 8011 - 7819. What is the remainder when q is divided by c?
45
Let j be (-1740)/(-105) + -17 + 619/7. Let h = -5 + 7. Suppose h*k - j = -6*k. What is the remainder when 41 is divided by k?
8
Let p(f) = 2*f**2 - 53*f + 32. Let d be p(26). Suppose -d*u + 333 - 99 = 0. Let r = -11 + 25. Calculate the remainder when u is divided by r.
11
What is the remainder when 1234 is divided by 4*(-275)/(-40) + 3/(-6)?
19
Calculate the remainder when 317 is divided by 1054/(-51)*(-60)/8.
7
Let a(h) = -2*h**2 - 111*h - 1184. What is the remainder when 2351 is divided by a(-31)?
6
Let v = -17 - -56. Let a = -35 + v. Suppose -3*n = a - 55. Calculate the remainder when n is divided by 5.
2
Suppose 0 = 3*j + 2*c - 195, 2*c - 259 = -4*j - c. Suppose 0 = 3*h - 30 - 24. What is the remainder when j + 3 + (-5)/5 is divided by h?
15
Let m(k) = 41*k + 483. What is the remainder when m(44) is divided by 109?
107
Suppose -45*z + 409 = 310 - 711. Calculate the remainder when 692 is divided by z.
8
Let x = 1 - -2. Suppose -5475 = -323*p + 250*p. Calculate the remainder when p is divided by 40*x/((-6)/(-1)).
15
Suppose -3*v + 8*m = 6*m - 609, -5*v + 1002 = m. Let j(i) = 33*i**2 + i. Calculate the remainder when v is divided by j(1).
31
Let m(g) = -34*g + 39. Let y be m(1). Suppose 4*n - 6*z + 3*z = 511, -535 = -4*n - y*z. Calculate the remainder when n is divided by 68.
62
Suppose -467201 - 1098919 = -155*k. What is the remainder when k is divided by 133?
129
Let o(v) = v**2 - 15*v + 61. Let k be o(9). Suppose -k*j + 197 = -237. What is the remainder when j is divided by 11?
7
Suppose 7*s - 108 - 109 = 0. Suppose -9*i + 30 = 2*d - 5*i, 4*d = -3*i + 50. What is the remainder when s is divided by d?
9
Let g = -891 - -894. Suppose 41 = -3*k - 5*q - 14, 36 = -2*k - 3*q. Calculate the remainder when ((-27)/k)/(g/55) is divided by 7.
5
Let j = 5048 - 4902. Suppose -2*n - 98 = -5*v + 88, 5*n - 10 = 0. What is the remainder when j is di